ghest common divisor of m and o?
9
Let d(x) = x**2 - 8*x - 5. Let s be d(9). Let z be (-3)/(29/(-7) + s). What is the highest common factor of z and 231?
21
Suppose 4*n = 3*t + 2*t - 72, -4*t - 5*n = -33. Suppose 0 = -3*h + 15 + t. What is the greatest common divisor of 9 and h?
9
Suppose -20 = -5*k + v, -2*v + 5 = -4*k + 9*k. Let o = 6 + k. Suppose 6 = f - 0*f. What is the greatest common divisor of o and f?
3
Suppose 2*b + 2 = 36. Let m = 38 - b. Calculate the highest common divisor of 63 and m.
21
Let k = 2 - 2. Suppose 33*d - 31*d - 8 = k. What is the highest common divisor of 16 and d?
4
Suppose 0 = -t + 5*w - 6, w = -t - 6 - 0. Let x be (14 - t)*(-4)/(-10). Calculate the greatest common divisor of x and 2.
2
Let j(w) = 13*w + 1. Let b be j(1). What is the highest common factor of 14 and b?
14
Let b(k) = -22*k - 58. Let n be b(-5). Calculate the greatest common divisor of n and 13.
13
Suppose 2*s + 176 = 2*w, w = 3*w - s - 176. What is the highest common divisor of 11 and w?
11
Let s = 13 + 9. Suppose 10*p - 1188 = 4*p. Calculate the greatest common divisor of s and p.
22
Let k(v) = v + 3. Let r be k(0). Let j(w) = -5 - 4*w + r*w + 4*w - 7*w. Let m be j(-6). Calculate the highest common divisor of m and 57.
19
Let k(t) = 9*t - 5. Let w be k(2). What is the highest common factor of w and 143?
13
Suppose -2*g + 36 = -g. Let r be ((-56)/20)/((-2)/5). Suppose -r*f + g = -3*f. Calculate the highest common divisor of 6 and f.
3
Suppose -2*l + 40 = x, -3*x + 25 = 4*l - 89. Let o(u) = -6*u. Let m be o(4). Let p = x + m. Calculate the highest common factor of 25 and p.
5
Let l(j) = -j**2 - 13*j - 9. Let r be l(-7). Calculate the greatest common factor of r and 3.
3
Suppose -9 = t + 3*k + 3, 4*t = k + 4. Let m = t + 3. Suppose -l = -3, 21 = 4*j - 2*j + m*l. Calculate the greatest common factor of j and 24.
6
Let n be (-12)/18*(-54)/4. Let o = -21 + 30. Calculate the greatest common factor of n and o.
9
Let d be -46*12/9*-3. What is the greatest common factor of 23 and d?
23
Let k = 6 - 9. Let v = k - -21. What is the highest common factor of v and 72?
18
Let c(p) = -19*p + 3. Let t(y) = -18*y + 4. Let u(o) = -5*c(o) + 4*t(o). Let g be u(1). What is the greatest common divisor of g and 8?
8
Let b(f) = f**3 - 7*f**2 + 9*f - 6. Let w be b(6). What is the highest common divisor of 132 and w?
12
Let a = 63 - -10. Suppose o - a = 15. What is the highest common factor of o and 11?
11
Let a be (-6)/(-2)*(-5)/15. Let b = 7 - a. What is the highest common divisor of b and 20?
4
Suppose 0*h = -4*h + 72. Let a(z) = z**2 + z + 396. Let w be a(0). Suppose -3*f + w = -f. Calculate the highest common factor of f and h.
18
Suppose -3*a = 2*x - 0*a - 12, -x + 4*a = 5. Suppose -n + 104 = x*n. Calculate the greatest common divisor of n and 78.
26
Let u be 2*(-1)/(8/(-44)). Calculate the greatest common factor of 77 and u.
11
Let p be (0 + (-8 - -3))/(-1). Let z(u) = -5 + 2*u + 4*u - u**2 + 2. Let x be z(p). What is the highest common factor of 1 and x?
1
Suppose -5*q - 18 + 13 = 0. Suppose 1 = 3*x + 4. Let n be q*(-3)/x + 91. What is the greatest common divisor of n and 22?
22
Let h be (-10)/((-3)/((-27)/(-2))). Suppose 126 = 4*w - 4*m + 42, 5*m - 75 = -5*w. What is the highest common factor of w and h?
9
Let g = 1006 + -603. Suppose 0 = 4*b - g + 63. Calculate the highest common factor of b and 34.
17
Let p be (-29)/(-9) + (-4)/18. Let d = 2 - 8. Let v be ((-2)/d)/(1/3). Calculate the highest common divisor of v and p.
1
Let v be 167 + (-10)/5*(-1 + 2). Suppose 2*z - 12 = 18. Calculate the greatest common divisor of v and z.
15
Let x(b) = b**2 + 9*b - 15. Let j be x(-11). Calculate the greatest common factor of j and 91.
7
Let y = -148 + 229. Calculate the greatest common divisor of 9 and y.
9
Let o(y) = 14*y - 2. Let z be o(-6). Let q = z - -149. What is the highest common divisor of 9 and q?
9
Suppose 4*j + 5*z + 13 = 0, 5 - 24 = -3*j + 2*z. Calculate the highest common divisor of 1 and j.
1
Let f = -11 + 28. What is the greatest common divisor of 119 and f?
17
Let h be 2/(2*4/20). Suppose 3*f - 6 = 2*f. Let m be (-31 + 1)*f/(-4). Calculate the greatest common divisor of m and h.
5
Let z = 23 + -20. Suppose -z*f + 16 = -5. Calculate the greatest common divisor of f and 77.
7
Let w be (-3)/(3 - (-42)/(-13)). Calculate the greatest common divisor of w and 26.
13
Let y be (193/3)/((-5)/(-30)). Let h = -265 + y. Let g be 65/5 + 0 + -2. Calculate the highest common factor of g and h.
11
Suppose 180 = -0*f + 3*f. Calculate the highest common divisor of f and 15.
15
Suppose 0 = -4*g - 2*a + 6*a + 12, -4*g = 4*a - 12. Calculate the greatest common divisor of 33 and g.
3
Let t be (6/(-21) + 325/35)*5. What is the highest common divisor of 27 and t?
9
Let z(g) = -3*g**3 - 14*g**2 + 6*g + 9. Let l be z(-6). Calculate the greatest common factor of 13 and l.
13
Suppose 4*z - 3*z - 2 = 0. Let u = -5 - -2. Let d be (0 - z) + (-15)/u. What is the highest common factor of 33 and d?
3
Suppose t = 4*t - 3. Let j be (-4 + 5)/(t/(-20)). Let h = j + 40. Calculate the highest common factor of h and 50.
10
Let m = 58 + -57. What is the greatest common factor of m and 9?
1
Suppose l + 13 = 2*l. Suppose 99 = -6*c + 177. Calculate the greatest common divisor of l and c.
13
Suppose 7 = 5*d - 3. Let v(u) = 19*u - 1. Let m be v(7). Suppose f - m = -d*f. What is the highest common divisor of f and 4?
4
Let l(p) = 14*p - 2. Let g be l(5). Let o(j) = -j + 10. Let n be o(-7). Calculate the highest common divisor of n and g.
17
Let w be (-34)/(-8) - 2/8. Suppose 0 = -2*i - 4*t - 8, 3*i - 64 = 5*t - 21. Calculate the highest common divisor of w and i.
2
Let u(m) = -13*m + 11. Let n be u(-9). Suppose -2*x + 20 = -n. Suppose 0 = -2*t + 150 + x. Calculate the greatest common factor of 14 and t.
14
Let v be 14/(-63)*-69 + (-1)/3. Calculate the greatest common divisor of 45 and v.
15
Let j = 63 - 23. Let h(f) = 4*f - 8. Let t be h(4). What is the greatest common factor of j and t?
8
Suppose 12*t - 22*t = -2250. What is the greatest common divisor of 90 and t?
45
Let r be 36 - (6 + (-1 - 3)). What is the highest common factor of r and 51?
17
Let x be 8/44 + 4/(-22). Suppose x = f - 2*f + 6. Calculate the highest common factor of f and 66.
6
Let w = -41 - -91. What is the highest common divisor of w and 10?
10
Suppose 0 = 9*y - 7*y - 40. Calculate the highest common divisor of y and 60.
20
Let t = -5 - -37. Calculate the highest common factor of t and 8.
8
Let w be (11/5)/((-5)/(-25)). Suppose 17 + w = 4*j + 2*g, 5*j - g - 42 = 0. Calculate the highest common factor of 12 and j.
4
Suppose 25 = 3*h - 2*w, -3*w + 2*w + 5 = 2*h. What is the highest common divisor of 20 and h?
5
Suppose 0 = -r - 3, -2*l + 4*r - r = -189. Let w be -17 + 28 + 1*(0 + -1). What is the highest common factor of l and w?
10
Suppose s - 2*o - 3*o - 40 = 0, 2*s + 3*o = 28. Calculate the greatest common factor of 20 and s.
20
Suppose -u - 2*u + 3*i = 0, 3*i - 12 = 0. Let k(s) = -s - 3. Let b be k(-4). What is the highest common divisor of u and b?
1
Suppose 17 + 23 = s. Suppose -s = -t - 4*t. Suppose -p = 3*i - 92, -2*i + p + 132 = 2*i. What is the highest common divisor of t and i?
8
Suppose -360 = -5*b - 55. Calculate the greatest common factor of b and 61.
61
Suppose -5*o = i - 0*o - 193, -3*o - 841 = -4*i. What is the highest common divisor of i and 26?
26
Suppose -4*n - 3*t = -180, -5*n = -3*t + 8*t - 220. What is the highest common factor of n and 108?
12
Let p be (-1)/((-4)/(-12)) + 25. Let t be ((-22)/(-6))/((-2)/(-12)). What is the greatest common factor of p and t?
22
Let n be (-2)/6 - 532/(-12). Suppose -4*y + 0*y + n = 0. Let l be 123 + -2 + 1 + -1. What is the highest common divisor of l and y?
11
Suppose 0 = a + 4*a - 10. Let d be (1 + 3/6)*a. What is the highest common factor of 12 and d?
3
Let s be 6 - (3 + 0)/1. What is the greatest common divisor of 15 and s?
3
Let i(k) = -k**2 + k + 2. Let z be i(2). Suppose z*r + 48 = r. Let g = -25 + 37. Calculate the highest common divisor of g and r.
12
Let n be 68/8 - (-1)/(-2). Calculate the highest common divisor of n and 72.
8
Let r = -83 + 84. Calculate the highest common factor of 4 and r.
1
Let t = 181 + -283. Let b = t - -57. Let o = 32 - b. What is the highest common 